{"id":57,"date":"2023-05-09T10:01:01","date_gmt":"2023-05-09T10:01:01","guid":{"rendered":"https:\/\/tg-spielmannszug.de\/?page_id=57"},"modified":"2023-05-09T10:17:48","modified_gmt":"2023-05-09T10:17:48","slug":"vatertag-2012","status":"publish","type":"page","link":"https:\/\/tg-spielmannszug.de\/?page_id=57","title":{"rendered":"Vatertag 2012"},"content":{"rendered":"<p><span style=\"color: #000000;\"><strong>Die Tour ohne gro\u00dfe Ereignisse<\/strong><\/span><\/p>\n<p style=\"text-align: justify;\"><span style=\"color: #000000;\">Am 17.05.12 trafen sich zw\u00f6lf motivierte Spielmannsz\u00fcgler zur j\u00e4hrlichen Vatertagstour. Treffpunkt war dieses Jahr beim Geburtstagskind Walter P. aus W.. Zum ersten Mal hatten alle Papis ihre Spielmannszugspoloshirts an und sogar die meisten ihre Kappen auf. In den vergangenen Jahren verga\u00df des \u00d6fteren einer der \u00e4lteren Herren die Vereinsbekleidung. Nach einem kleinen Geburtstagsumtrunk wollten wir frisch gest\u00e4rkt die Tour starten, bis Nelly kam und uns einen Strich durch die Rechnung machte.<\/span><\/p>\n<p style=\"text-align: justify;\"><span style=\"font-size: 16px; color: #000000; line-height: 1.714285714;\">Er erz\u00e4hlte von diversen Krankenhausaktionen aufgrund unserem j\u00fcngsten Auftritt (Anne 50te Geburtstag) und anderen famili\u00e4ren Ereignissen. Als wir nun losfahren wollten hielten uns nur noch zwei Fanfarenspieler vom Start ab, die ihr Sonnen\u00f6l und Sonnenbrille vergessen hatten.<\/span><\/p>\n<p style=\"text-align: justify;\"><span style=\"font-size: 16px; color: #000000; line-height: 1.714285714;\">Unser Tourleiter Walter G. hatte wie immer ein paar Strecken auf Lager, nach denen man sich nach der Radtour fragt: ,,Wo sind wir eigentlich \u00fcberall herumgefahren?\u201c Nach anstrengenden 15 Kilometern beschlossen wir Mittag zu machen. Wie immer gab\u2019s Hausmacher mit Brot und dazu leckere Rettiche. Frisch gest\u00e4rkt fuhren wir weiter Richtung Berghausen. Nach weiteren 10 Kilometern kehrten wir nun in einem netten, gem\u00fctlichen Biergarten ein. Ein paar Bier sp\u00e4ter und mit einem spitzen Gruppenfoto im Gep\u00e4ck sausten wir weiter Richtung Heimat. Einen letzten Halt legten wir im Seest\u00fcbchen ein. Danach ging es f\u00fcr manche nach Hause. Der Rest legte noch einen kleinen Boxenstopp bei unserer Ruth in Otterstadt ein.<\/span><\/p>\n<p style=\"text-align: justify;\"><span style=\"font-size: 16px; color: #000000; line-height: 1.714285714;\">Alles im allem war es eine sehr gelungene, lustige Vatertagstour.<\/span><\/p>\n<p style=\"text-align: justify;\"><span style=\"font-size: 16px; color: #000000; line-height: 1.714285714;\">Einen besonderen Dank gilt dem Organisator der Tour, Walter G. und an alle Teilnehmer.<\/span><\/p>\n<p style=\"text-align: justify;\"><span style=\"font-size: 16px; color: #000000; line-height: 1.714285714;\">Mike Sternberger<\/span><\/p>\n","protected":false},"excerpt":{"rendered":"<p>Die Tour ohne gro\u00dfe Ereignisse Am 17.05.12 trafen sich zw\u00f6lf motivierte Spielmannsz\u00fcgler zur j\u00e4hrlichen Vatertagstour. Treffpunkt war dieses Jahr beim Geburtstagskind Walter P. aus W.. Zum ersten Mal hatten alle Papis ihre Spielmannszugspoloshirts an und sogar die meisten ihre Kappen auf. In den vergangenen Jahren verga\u00df des \u00d6fteren einer der \u00e4lteren Herren die Vereinsbekleidung. Nach [&hellip;]<\/p>\n","protected":false},"author":1,"featured_media":0,"parent":0,"menu_order":0,"comment_status":"closed","ping_status":"closed","template":"","meta":{"ngg_post_thumbnail":0,"footnotes":""},"categories":[],"tags":[],"class_list":["post-57","page","type-page","status-publish","hentry"],"_links":{"self":[{"href":"https:\/\/tg-spielmannszug.de\/index.php?rest_route=\/wp\/v2\/pages\/57","targetHints":{"allow":["GET"]}}],"collection":[{"href":"https:\/\/tg-spielmannszug.de\/index.php?rest_route=\/wp\/v2\/pages"}],"about":[{"href":"https:\/\/tg-spielmannszug.de\/index.php?rest_route=\/wp\/v2\/types\/page"}],"author":[{"embeddable":true,"href":"https:\/\/tg-spielmannszug.de\/index.php?rest_route=\/wp\/v2\/users\/1"}],"replies":[{"embeddable":true,"href":"https:\/\/tg-spielmannszug.de\/index.php?rest_route=%2Fwp%2Fv2%2Fcomments&post=57"}],"version-history":[{"count":1,"href":"https:\/\/tg-spielmannszug.de\/index.php?rest_route=\/wp\/v2\/pages\/57\/revisions"}],"predecessor-version":[{"id":58,"href":"https:\/\/tg-spielmannszug.de\/index.php?rest_route=\/wp\/v2\/pages\/57\/revisions\/58"}],"wp:attachment":[{"href":"https:\/\/tg-spielmannszug.de\/index.php?rest_route=%2Fwp%2Fv2%2Fmedia&parent=57"}],"wp:term":[{"taxonomy":"category","embeddable":true,"href":"https:\/\/tg-spielmannszug.de\/index.php?rest_route=%2Fwp%2Fv2%2Fcategories&post=57"},{"taxonomy":"post_tag","embeddable":true,"href":"https:\/\/tg-spielmannszug.de\/index.php?rest_route=%2Fwp%2Fv2%2Ftags&post=57"}],"curies":[{"name":"wp","href":"https:\/\/api.w.org\/{rel}","templated":true}]}}